{"id":214,"date":"2017-10-25T10:12:27","date_gmt":"2017-10-25T10:12:27","guid":{"rendered":"http:\/\/wp4.tallythemesdemo.com\/accounting-pro\/?page_id=214"},"modified":"2019-03-06T12:32:50","modified_gmt":"2019-03-06T12:32:50","slug":"contact-us-free","status":"publish","type":"page","link":"https:\/\/gestionsowco.com\/?page_id=214","title":{"rendered":"Contactez-nous"},"content":{"rendered":"<p><iframe frameborder=\"0\" scrolling=\"no\" marginheight=\"0\" marginwidth=\"0\" src=\"https:\/\/maps.google.com\/maps?q=LaSalle%2C%20Qu%C3%A9bec%2C%20Canada&amp;t=m&amp;z=10&amp;output=embed&amp;iwloc=near\" aria-label=\"LaSalle, Qu\u00e9bec, Canada\"><\/iframe>\t\t<\/p>\n<p><em>9683 Cl\u00e9ment, LaSalle, Qu\u00e9bec\u00a0 H8R 4B4<\/em><\/p>\n<p>Bureau : 514 465 0665<br \/>T\u00e9l\u00e9c. : 438 896 2738<br \/>Courriel : info@gestionsowco.com<br \/>Site web: www.gestionsowco.com<\/p>\n<p>N&#8217;h\u00e9sitez pas \u00e0 communiquer avec nous en utilisant notre formulaire de contact ou encore en appelant \u00e0 l&#8217;un des num\u00e9ros ci-haut mentionn\u00e9. Commen\u00e7ons \u00e0 travailler sur votre futur ensemble.<\/p>\n<div role=\"form\" class=\"wpcf7\" id=\"wpcf7-f364-o1\" lang=\"en-US\" dir=\"ltr\">\n<div class=\"screen-reader-response\"><\/div>\n<form action=\"\/index.php?rest_route=%2Fwp%2Fv2%2Fpages%2F214#wpcf7-f364-o1\" method=\"post\" class=\"wpcf7-form\" novalidate=\"novalidate\">\n<div style=\"display: none;\">\n<input type=\"hidden\" name=\"_wpcf7\" value=\"364\" \/>\n<input type=\"hidden\" name=\"_wpcf7_version\" value=\"5.1.1\" \/>\n<input type=\"hidden\" name=\"_wpcf7_locale\" value=\"en_US\" \/>\n<input type=\"hidden\" name=\"_wpcf7_unit_tag\" value=\"wpcf7-f364-o1\" \/>\n<input type=\"hidden\" name=\"_wpcf7_container_post\" value=\"0\" \/>\n<input type=\"hidden\" name=\"g-recaptcha-response\" value=\"\" \/>\n<\/div>\n<p><label> Votre nom (requis)<br \/>\n    <span class=\"wpcf7-form-control-wrap your-name\"><input type=\"text\" name=\"your-name\" value=\"\" size=\"40\" class=\"wpcf7-form-control wpcf7-text wpcf7-validates-as-required\" aria-required=\"true\" aria-invalid=\"false\" \/><\/span> <\/label><\/p>\n<p><label> Votre courriel (requis)<br \/>\n    <span class=\"wpcf7-form-control-wrap your-email\"><input type=\"email\" name=\"your-email\" value=\"\" size=\"40\" class=\"wpcf7-form-control wpcf7-text wpcf7-email wpcf7-validates-as-required wpcf7-validates-as-email\" aria-required=\"true\" aria-invalid=\"false\" \/><\/span> <\/label><\/p>\n<p><label> Sujet<br \/>\n    <span class=\"wpcf7-form-control-wrap your-subject\"><input type=\"text\" name=\"your-subject\" value=\"\" size=\"40\" class=\"wpcf7-form-control wpcf7-text\" aria-invalid=\"false\" \/><\/span> <\/label><\/p>\n<p><label> Votre message<br \/>\n    <span class=\"wpcf7-form-control-wrap your-message\"><textarea name=\"your-message\" cols=\"40\" rows=\"10\" class=\"wpcf7-form-control wpcf7-textarea\" aria-invalid=\"false\"><\/textarea><\/span> <\/label><\/p>\n<p><input type=\"submit\" value=\"Envoyer\" class=\"wpcf7-form-control wpcf7-submit\" \/><\/p>\n<div class=\"wpcf7-response-output wpcf7-display-none\"><\/div><\/form><\/div>\n<h2>Contactez-nous<\/h2>\n<h3>\u00c7A COMMENCE ICI!<\/h3>\n<p>9683 rue Cl\u00e9ment, LaSalle, Qu\u00e9bec\u00a0 H8R 4B4<\/p>\n<p>T\u00e9l: <a href=\"tel:#\"><strong>514 465 0665<\/strong><\/a><br \/>Courriel: <strong>info@gestionsowco.com<\/strong><\/p>\n","protected":false},"excerpt":{"rendered":"<p>9683 Cl\u00e9ment, LaSalle, Qu\u00e9bec\u00a0 H8R 4B4 Bureau : 514 465 0665T\u00e9l\u00e9c. : 438 896 2738Courriel : info@gestionsowco.comSite web: www.gestionsowco.com N&#8217;h\u00e9sitez pas \u00e0 communiquer avec nous en utilisant notre formulaire de contact ou encore en appelant \u00e0 l&#8217;un des num\u00e9ros ci-haut mentionn\u00e9. Commen\u00e7ons \u00e0 travailler sur votre futur ensemble. Contactez-nous \u00c7A COMMENCE ICI! 9683 rue Cl\u00e9ment, [&hellip;]<\/p>\n","protected":false},"author":1,"featured_media":0,"parent":0,"menu_order":0,"comment_status":"closed","ping_status":"closed","template":"template-no-sidebar.php","meta":{"footnotes":""},"_links":{"self":[{"href":"https:\/\/gestionsowco.com\/index.php?rest_route=\/wp\/v2\/pages\/214"}],"collection":[{"href":"https:\/\/gestionsowco.com\/index.php?rest_route=\/wp\/v2\/pages"}],"about":[{"href":"https:\/\/gestionsowco.com\/index.php?rest_route=\/wp\/v2\/types\/page"}],"author":[{"embeddable":true,"href":"https:\/\/gestionsowco.com\/index.php?rest_route=\/wp\/v2\/users\/1"}],"replies":[{"embeddable":true,"href":"https:\/\/gestionsowco.com\/index.php?rest_route=%2Fwp%2Fv2%2Fcomments&post=214"}],"version-history":[{"count":7,"href":"https:\/\/gestionsowco.com\/index.php?rest_route=\/wp\/v2\/pages\/214\/revisions"}],"predecessor-version":[{"id":506,"href":"https:\/\/gestionsowco.com\/index.php?rest_route=\/wp\/v2\/pages\/214\/revisions\/506"}],"wp:attachment":[{"href":"https:\/\/gestionsowco.com\/index.php?rest_route=%2Fwp%2Fv2%2Fmedia&parent=214"}],"curies":[{"name":"wp","href":"https:\/\/api.w.org\/{rel}","templated":true}]}}